f**2 - 8*f. Suppose i + 16 = -0*i + 4*z, 2*i + 6 = -5*z. Calculate l(i).
-2
Suppose -4*b + 27 = -3*c, 27 = -3*c + 96*b - 98*b. Let y(m) = -m**3 - 7*m**2 + 11*m - 14. What is y(c)?
49
Let t(x) be the second derivative of x**3/2 - x. Let d(s) = -s**2 + 5*s. Suppose -a + b = -2, a + 0*b + 3*b = 6. Let u be d(a). Give t(u).
18
Let v(d) = -2152 + 26*d + 6403 - 2171 - 2158. Determine v(6).
78
Let h(l) = 2*l - 8. Let g(x) = x**3 - 9*x**2 + 16*x - 22. Let u be (14/5)/(-4 + (-110)/(-25)). Let b be g(u). Determine h(b).
-24
Let i = 187 + -184. Let p(n) = -50*n - 53*n + 102*n - 4*n**i - 29*n**3. Determine p(1).
-34
Suppose -17*a + 22*a = 20. Let h(o) = -o**3 + a - 1 + 4*o + 6*o**2 + 0*o**3 - 3*o**2. Let k(i) = -i - 31. Let w be k(-35). Determine h(w).
3
Let r be (-136 + 139)/(6/(-8)). Let n(z) be the third derivative of -z**5/30 - z**4/6 + 4*z**3/3 - 5*z**2. Give n(r).
-8
Let d(q) = 15*q**3 - 3*q**2 + 2*q. Let l be d(1). Suppose -68 - 2 = l*y. Let c(o) = -o - 1. Determine c(y).
4
Let x(m) be the first derivative of 4*m**3 - m**2 - 5*m + 1968. Calculate x(-1).
9
Let v(n) = 10*n**3 - 94*n**2 - 42*n - 6. Let l(z) = 4*z**3 - 38*z**2 - 17*z - 2. Let d(o) = -12*l(o) + 5*v(o). Give d(7).
-48
Let f(p) = -3*p + 8*p**3 + 5*p**2 - 3 + 5 - 7*p**3 - 2*p**3 + 0*p. Let r be 1/6 - 51/(-18). Let b = r - -1. What is f(b)?
6
Suppose 0 = -236*j - 271 + 35. Let d(w) = -2*w**2 + 3*w + 3. Calculate d(j).
-2
Let k(r) be the third derivative of -r**6/120 - r**5/60 + r**4/6 - r**3/6 - 8*r**2. Suppose 0 = -142*h - 749 + 181. Calculate k(h).
31
Let d(h) be the second derivative of h**5/20 - h**4/6 - 7*h**3/6 - 4*h**2 + 3471*h. Determine d(4).
-4
Let c(f) be the second derivative of f**5/20 + f**4/3 + f**3/3 - 2*f**2 - 16*f. Let v be c(-3). Let d be v/(3/18*-3). Let y(b) = -6*b. Determine y(d).
-12
Let d(i) be the first derivative of -21 + 0*i - 1/2*i**2. Suppose 2*n - 20 = 4*a - 0*n, -4 = -4*a - 4*n. Calculate d(a).
3
Let p(q) be the first derivative of -14*q - 3*q**2 - 12 - 1/2*q**3. Let y(v) be the first derivative of p(v). What is y(-4)?
6
Let q(x) = -x - 3. Let s(g) = g**3 - 3*g**2 - 2*g - 9. Let r be s(4). Let j be -2*(r/5 - (-84)/120). Let y be j*(-6)/(-12)*-12. What is q(y)?
-9
Let p(h) be the second derivative of 8*h + 0*h**2 + 0 + 1/2*h**3. Let z be 40/(-18) - (-2)/9. Calculate p(z).
-6
Let k be (-63)/(-15) - (-4)/40*-2. Suppose 13*p - k*d - 19 = 14*p, -5*d = 2*p + 23. Let q(c) = -17*c**3 - 3*c**2 + 2*c. Give q(p).
-18
Let c(a) be the first derivative of 5/2*a**2 + 304 + 1/3*a**3 + 2*a. Determine c(-5).
2
Suppose 16*g - 1356 = 884. Let l(r) = -g + 68 - 3*r + 2*r + 68. What is l(-3)?
-1
Let h(v) be the third derivative of v**6/240 - v**5/120 + v**4/8 - v**3/3 - 23*v**2. Let b(j) be the second derivative of h(j). Give b(6).
17
Let u(y) = y**2 + 6*y - 15. Let k(j) = j**2 + 8*j - 16. Suppose 12 = 16*x - 20*x. Let w(s) = x*u(s) + 4*k(s). Calculate w(-15).
-4
Suppose 173*o - 99 - 154 = 93. Let q(t) be the third derivative of -t**6/120 + t**5/15 + t**4/24 - t**3/3 - t**2. Calculate q(o).
8
Let w = 44 - 65. Let r = w - -23. Let t(b) = 2*b**3 - 1 - 2*b**r - 21*b - 5*b**3 - 2*b**3 + 23*b. Calculate t(1).
-6
Let z(g) = -2*g - 42. Let v(s) = -6*s - 84. Let o(j) = -2*v(j) + 5*z(j). Determine o(12).
-18
Let t = -54 - -56. Let v(j) = t + 30*j**2 - 3*j + 8*j + 4*j - 32*j**2. Determine v(4).
6
Let h(q) = q**2 - 7*q + 9. Suppose 2*s = 4, -1 - 3 = -4*g - 2*s. Suppose -5*y - p + 25 = -g*p, -y + 31 = -5*p. Calculate h(y).
3
Let c(x) = -7 + 5*x**2 - 3*x**2 - x**2. Let u = -26 - 139. Let s be (u/66)/((-2)/(-4)). Determine c(s).
18
Let o(t) = -70*t**2 - 24*t + 86. Let g(m) = -266*m**2 - 91*m + 329. Let b(l) = 11*g(l) - 42*o(l). Give b(-2).
49
Let v = -55 + 57. Suppose 2*i = 7*i - o + 22, -v*o + 16 = -3*i. Let p(s) = s**2 + 6*s + 5. Determine p(i).
-3
Let q(u) be the third derivative of 0*u - 5/6*u**3 + 0 - 1/8*u**4 + 1/30*u**5 + 125*u**2. Determine q(4).
15
Suppose 5*k - l = 2*l + 2310, -l - 1848 = -4*k. Suppose 0 = 2*d + 52 - k. Let i be 3/(-15) + -4*d/(-100). Let c(b) = -b**2 + 9*b - 3. Give c(i).
5
Let f be 1*(-75)/65 + (-8)/(-52). Let w(t) = 3*t**3 + 2*t + 27*t**2 - 10*t**2 + 3*t**3 - 12*t**2 + 1 - 3*t**2. Calculate w(f).
-5
Let p(j) = j**3 + 10*j**2 - 2*j - 10. Let g be p(-10). Suppose -2*x = s + g - 0, -3*s = x + 10. Let m(t) = -4 - 2*t + 1 - t - 8 + 5. Give m(x).
6
Let f(l) = -l + 9. Let i(k) be the second derivative of 1/3*k**3 + 15*k + 5/4*k**4 + 0 - 21/2*k**2 - 1/20*k**5. Let p be i(15). Determine f(p).
0
Let r(k) = -4*k + 75. Let q(s) = 4*s - 78. Let g(y) = -2*q(y) - 3*r(y). Determine g(14).
-13
Let z = 7 - -1. Let v(j) = -13*j - 70. Let u(b) = 7*b + 38. Let o(g) = 11*u(g) + 6*v(g). Calculate o(z).
-10
Let w(h) = -2. Let c(g) = -5 + 4 - g - 3 + 1. Let d(i) = -4*c(i) + 6*w(i). Give d(-2).
-8
Let t(y) = y**2 - 3*y - 7. Let r = -462 - -466. What is t(r)?
-3
Let t(g) = g**3 - 2*g**2 - 2*g - 6. Suppose -26*m - 56 = -186. What is t(m)?
59
Let p be 14/42 + (12 + -12 - 8/(-3)). Let m(y) = 5*y - y**3 + 0*y**2 - 2*y + 1 + 3*y**2. What is m(p)?
10
Let k(a) = -28 - 2*a**3 + 4*a**3 - a**3 + 6*a**2 - 30 + 19 - 3*a. Give k(-5).
1
Let l(q) = -q**3 + 3*q**2 - 5*q + 2. Suppose -z - 77 = -161. Let d = z - 83. Suppose 0 = -8*p + d + 23. Calculate l(p).
-13
Let m be (-63)/6*36/(-54). Let c(d) = 9*d**3 - 7*d**2 - 4*d + 1. Let o(j) = 16*j**3 - 13*j**2 - 8*j + 1. Let r(z) = m*c(z) - 4*o(z). What is r(4)?
3
Let g(a) be the second derivative of a**3/6 - 3*a**2 + a. Let u(x) = x - 4. Let i be u(11). Let w(m) = 2*m - 5. Let y(q) = i*w(q) - 6*g(q). Give y(1).
9
Let f be 1/1 - -1 - -2. Suppose f*g + 3 + 1 = 0, -3*h + 10 = 2*g. Let v(z) = -z**3 + 4*z**2 + 6*z - 1. Give v(h).
23
Let y(v) = 13281*v**3 + 5*v**2 - 13280*v**3 - 6*v + 10*v. Let m = -5 - -6. Let g = -3 - m. Determine y(g).
0
Let i = 0 + -4. Let f(c) be the second derivative of -c**6/720 - c**5/30 + c**4/12 + 389*c**2/2 - 607*c. Let w(u) be the third derivative of f(u). What is w(i)?
0
Let u(c) = 4*c**2 - 8*c**2 - 73 - 22*c + 2*c**2 + c**2. Give u(-14).
39
Let d(k) be the second derivative of 13*k**5/20 + 5*k**3/6 - 5*k**2/2 - 15*k. Let j be d(2). Let b(m) = -6 - 110*m**2 + j*m**2 - 2. What is b(0)?
-8
Let w(t) = -3*t**2 + 5*t - 14. Let l be w(4). Suppose 5*h = 2*g + 3*g + 150, 0 = -3*g + 5*h - 82. Let q = l - g. Let r(s) = -s**2 - 7*s - 6. Calculate r(q).
-14
Let j(n) = n**3 + 4*n**2 - 5*n + 5. Let k(b) be the first derivative of 2*b**2 - 13*b + 75. Let q be k(2). Calculate j(q).
5
Let b(l) = 3*l**3 + 29*l**2 - l - 7. Let a = -280 - -287. Let c(g) = g**3 + 9*g**2 - 2. Let u(p) = a*c(p) - 2*b(p). Determine u(-4).
8
Let d(z) = 17*z + 218. Let r(m) = -m + 10. Let h(n) = -d(n) + 6*r(n). Give h(-7).
3
Let y = -317 + 474. Let d = y - 157. Let p(q) = -q**3 - q + 2. Calculate p(d).
2
Let g(s) = s**3 - 5*s**2 + 3*s - 2. Let l be 5 + 34 - 4 - 5. Suppose 0 = 11*y - y - l. Determine g(y).
-11
Let s(d) = 2*d**3 - 3*d**2 + 5*d - 2. Suppose 402 = 109*b + 25*b. Give s(b).
40
Let x(f) = 1 + 7*f + 5 - 5. Let r = 14 - 9. Suppose 3*m - r*m = 5*g + 4, 2*g = -5*m - 10. Determine x(m).
-13
Let s(w) = -w - 14. Let q(v) = 24*v + 248. Let j(g) = -q(g) - 12*s(g). What is j(-6)?
-8
Let h(p) be the first derivative of -p**3/3 - 2*p**2 + 2*p + 7. Let u be h(-4). Let t(r) = u*r + 22 + 3*r**2 + 27 - 52. Give t(2).
13
Let p(y) be the second derivative of 2*y**3 + 60*y**2 - 14*y. Determine p(-10).
0
Let q(d) be the second derivative of -16*d**3/3 - 80*d**2 - 8769*d. Determine q(-5).
0
Let d(j) = -j**3 + 13*j**2 - 16*j + 57. Let z be d(12). Let c be (2 - (1 - -3))/6*z. Let a(v) = v**2 + 3*v. What is a(c)?
0
Let h(f) = f**2 + f + 8. Suppose -6*q = q. Let m be (q/(-1))/(25 + -32). What is h(m)?
8
Let i(o) be the third derivative of o**6/120 + o**5/20 - o**4/6 - o**3/3 - 1655*o**2. What is i(-5)?
-32
Let k be ((-28)/(-21))/(-2 + (-58)/(-27)). Let w(l) = -5*l + 34. Calculate w(k).
-11
Let t(a) = 6*a**2 - 26*a - 38. Let h(r) = -r**2 + 3*r + 5. Let i(g) = -17*h(g) - 2*t(g). Calculate i(-4).
67
Let m(d) be the second derivative of -d**6/120 - 7*d**5/60 - 4*d**3/3 + 279*d**2/2 + 242*d. Let p(z) be the first derivative of m(z). Determine p(-7).
-8
Let d = 2 + -3. Let a(m) = -199*m**3 + 10*m**2 - 7*m + 4. Let y(s) = -836*s**3 + 42*s**2 - 29*s + 17. Let t(o) = -21*a(o) + 5*y(o). Determine t(d).
0